{"id":1684,"date":"2019-11-17T17:55:09","date_gmt":"2019-11-17T17:55:09","guid":{"rendered":"https:\/\/auro-cuines.com\/?page_id=1684"},"modified":"2020-03-24T09:06:15","modified_gmt":"2020-03-24T09:06:15","slug":"aviso-legal","status":"publish","type":"page","link":"https:\/\/auro-cuines.com\/pt\/aviso-legal\/","title":{"rendered":"Aviso Legal"},"content":{"rendered":"<p>Este aviso legal, doravante, o Aviso Legal, regula o uso do servi\u00e7o de site da Internet https:\/\/www.auro-cuines.com, doravante o site da <strong>Auro Kitchens &#8211; Zedey Mobiliari S.L.<\/strong> doravante, Auro, com sede em Calder\u00f3n de la barca n\u00ba 1, 08940 Cornell\u00e0 de Llobregat, Barcelona, Espanha, com CIF B66428905 e registrada no Registro Mercantil de Barcelona Volume 44681, folha 36, folha n\u00ba B463342 Ins 1st, Data 19 de fevereiro de 2015. Todos os produtos e servi\u00e7os contidos neste site s\u00e3o fornecidos pela Aura de acordo com os regulamentos atuais sobre servi\u00e7os telem\u00e1ticos.<\/p>\n<h2>Legisla\u00e7\u00e3o<\/h2>\n<p>Em geral, as rela\u00e7\u00f5es entre a Auro e os usu\u00e1rios de seus servi\u00e7os telem\u00e1ticos, presentes na web, est\u00e3o sujeitas \u00e0 legisla\u00e7\u00e3o e jurisdi\u00e7\u00e3o espanhola.<\/p>\n<h2>Uso e acesso do usu\u00e1rio<\/h2>\n<p>O Usu\u00e1rio \u00e9 informado e aceita que o acesso a este site n\u00e3o implica, de forma alguma, o in\u00edcio de um relacionamento comercial com a Auro. O acesso a qualquer um dos produtos ou servi\u00e7os inclu\u00eddos neste site pelo Usu\u00e1rio ser\u00e1 realizado sob sua exclusiva e exclusiva responsabilidade, exonerando Aur de qualquer responsabilidade a esse respeito. Auro pode recusar o acesso a qualquer Usu\u00e1rio a partir do momento em que tiver conhecimento de que o Usu\u00e1rio n\u00e3o atende aos requisitos mencionados acima. O uso do site atribui a condi\u00e7\u00e3o de usu\u00e1rio do site, doravante, o usu\u00e1rio e implica a aceita\u00e7\u00e3o total e sem reservas de todas e cada uma das disposi\u00e7\u00f5es inclu\u00eddas neste Aviso Legal na vers\u00e3o publicada pela Auro ao mesmo tempo em que o usu\u00e1rio acessa o site. Consequentemente, o Usu\u00e1rio deve ler atentamente este Aviso Legal em cada uma das ocasi\u00f5es em que pretende usar o site, pois ele pode sofrer modifica\u00e7\u00f5es.<\/p>\n<h2>Propriedade intelectual e industrial<\/h2>\n<p>Os direitos de propriedade intelectual do conte\u00fado das p\u00e1ginas da web, seu design gr\u00e1fico e c\u00f3digos s\u00e3o de propriedade da Auro e, portanto, sua reprodu\u00e7\u00e3o, distribui\u00e7\u00e3o, comunica\u00e7\u00e3o p\u00fablica, transforma\u00e7\u00e3o ou qualquer outra atividade que possa ser realizada com o conte\u00fado de suas p\u00e1ginas da web ou mesmo citando fontes, a menos que haja consentimento por escrito da Auro. Da mesma forma, todos os nomes comerciais, marcas ou sinais diferentes de qualquer tipo contidos nas p\u00e1ginas da Auro s\u00e3o de propriedade de seus propriet\u00e1rios e est\u00e3o protegidos por lei.<\/p>\n<h2>Conte\u00fado e links da Web<\/h2>\n<p>A Auro n\u00e3o se responsabiliza pelo uso indevido do conte\u00fado de suas p\u00e1ginas da web, sendo de exclusiva responsabilidade da pessoa que os acessa ou os utiliza. A Auro n\u00e3o assume nenhuma responsabilidade pelas informa\u00e7\u00f5es contidas em p\u00e1ginas da Web de terceiros que podem ser acessadas atrav\u00e9s de links ou mecanismos de pesquisa nas p\u00e1ginas da Auro.<\/p>\n<h2>Interc\u00e2mbio ou dissemina\u00e7\u00e3o de informa\u00e7\u00f5es<\/h2>\n<p>A Auro declina qualquer responsabilidade decorrente da troca de informa\u00e7\u00f5es entre usu\u00e1rios atrav\u00e9s de suas p\u00e1ginas da web. A responsabilidade pelas declara\u00e7\u00f5es espalhadas em suas p\u00e1ginas da web corresponde a quem as faz.<\/p>\n<div class='clear '><\/div><\/div>","protected":false},"excerpt":{"rendered":"<p>Este aviso legal, doravante, o Aviso Legal, regula o uso do servi&ccedil;o de site da Internet https:\/\/www.auro-cuines.com, doravante o site da Auro Kitchens &ndash; Zedey Mobiliari S.L. doravante, Auro, com sede em Calder&oacute;n de la barca n&ordm; 1, 08940 Cornell&agrave; de Llobregat, Barcelona, Espanha, com CIF B66428905 e registrada no Registro Mercantil de Barcelona Volume [&hellip;]<\/p>\n","protected":false},"author":1,"featured_media":0,"parent":0,"menu_order":0,"comment_status":"closed","ping_status":"closed","template":"","meta":{"_genesis_hide_title":false,"_genesis_hide_breadcrumbs":false,"_genesis_hide_singular_image":false,"_genesis_hide_footer_widgets":false,"_genesis_custom_body_class":"","_genesis_custom_post_class":"","_genesis_layout":"","footnotes":""},"class_list":{"0":"post-1684","1":"page","2":"type-page","3":"status-publish","5":"entry"},"aioseo_notices":[],"_links":{"self":[{"href":"https:\/\/auro-cuines.com\/pt\/wp-json\/wp\/v2\/pages\/1684","targetHints":{"allow":["GET"]}}],"collection":[{"href":"https:\/\/auro-cuines.com\/pt\/wp-json\/wp\/v2\/pages"}],"about":[{"href":"https:\/\/auro-cuines.com\/pt\/wp-json\/wp\/v2\/types\/page"}],"author":[{"embeddable":true,"href":"https:\/\/auro-cuines.com\/pt\/wp-json\/wp\/v2\/users\/1"}],"replies":[{"embeddable":true,"href":"https:\/\/auro-cuines.com\/pt\/wp-json\/wp\/v2\/comments?post=1684"}],"version-history":[{"count":6,"href":"https:\/\/auro-cuines.com\/pt\/wp-json\/wp\/v2\/pages\/1684\/revisions"}],"predecessor-version":[{"id":1767,"href":"https:\/\/auro-cuines.com\/pt\/wp-json\/wp\/v2\/pages\/1684\/revisions\/1767"}],"wp:attachment":[{"href":"https:\/\/auro-cuines.com\/pt\/wp-json\/wp\/v2\/media?parent=1684"}],"curies":[{"name":"wp","href":"https:\/\/api.w.org\/{rel}","templated":true}]}}

<p>Este aviso legal, doravante, o Aviso Legal, regula o uso do serviço de site da Internet https://www.auro-cuines.com, doravante o site da <strong>Auro Kitchens &#8211; Zedey Mobiliari S.L.</strong> doravante, Auro, com sede em Calderón de la barca nº 1, 08940 Cornellà de Llobregat, Barcelona, Espanha, com CIF B66428905 e registrada no Registro Mercantil de Barcelona Volume 44681, folha 36, folha nº B463342 Ins 1st, Data 19 de fevereiro de 2015. Todos os produtos e serviços contidos neste site são fornecidos pela Aura de acordo com os regulamentos atuais sobre serviços telemáticos.</p>
<h2>Legislação</h2>
<p>Em geral, as relações entre a Auro e os usuários de seus serviços telemáticos, presentes na web, estão sujeitas à legislação e jurisdição espanhola.</p>
<h2>Uso e acesso do usuário</h2>
<p>O Usuário é informado e aceita que o acesso a este site não implica, de forma alguma, o início de um relacionamento comercial com a Auro. O acesso a qualquer um dos produtos ou serviços incluídos neste site pelo Usuário será realizado sob sua exclusiva e exclusiva responsabilidade, exonerando Aur de qualquer responsabilidade a esse respeito. Auro pode recusar o acesso a qualquer Usuário a partir do momento em que tiver conhecimento de que o Usuário não atende aos requisitos mencionados acima. O uso do site atribui a condição de usuário do site, doravante, o usuário e implica a aceitação total e sem reservas de todas e cada uma das disposições incluídas neste Aviso Legal na versão publicada pela Auro ao mesmo tempo em que o usuário acessa o site. Consequentemente, o Usuário deve ler atentamente este Aviso Legal em cada uma das ocasiões em que pretende usar o site, pois ele pode sofrer modificações.</p>
<h2>Propriedade intelectual e industrial</h2>
<p>Os direitos de propriedade intelectual do conteúdo das páginas da web, seu design gráfico e códigos são de propriedade da Auro e, portanto, sua reprodução, distribuição, comunicação pública, transformação ou qualquer outra atividade que possa ser realizada com o conteúdo de suas páginas da web ou mesmo citando fontes, a menos que haja consentimento por escrito da Auro. Da mesma forma, todos os nomes comerciais, marcas ou sinais diferentes de qualquer tipo contidos nas páginas da Auro são de propriedade de seus proprietários e estão protegidos por lei.</p>
<h2>Conteúdo e links da Web</h2>
<p>A Auro não se responsabiliza pelo uso indevido do conteúdo de suas páginas da web, sendo de exclusiva responsabilidade da pessoa que os acessa ou os utiliza. A Auro não assume nenhuma responsabilidade pelas informações contidas em páginas da Web de terceiros que podem ser acessadas através de links ou mecanismos de pesquisa nas páginas da Auro.</p>
<h2>Intercâmbio ou disseminação de informações</h2>
<p>A Auro declina qualquer responsabilidade decorrente da troca de informações entre usuários através de suas páginas da web. A responsabilidade pelas declarações espalhadas em suas páginas da web corresponde a quem as faz.</p>
<div class='clear '></div></div>
