{"id":122,"date":"2016-09-19T20:54:37","date_gmt":"2016-09-19T20:54:37","guid":{"rendered":"http:\/\/auro-cuines.com\/?page_id=122"},"modified":"2021-06-17T09:39:08","modified_gmt":"2021-06-17T09:39:08","slug":"antonio-miro","status":"publish","type":"page","link":"https:\/\/auro-cuines.com\/pt\/antonio-miro\/","title":{"rendered":"Antonio Mir\u00f3"},"content":{"rendered":"<p>Essencialmente, \u00e9 a base do criativo.<\/p>\n<p>Pura, simples e elegante, forma curva e branco Mediterr\u00e2neo sugestivo. Ancestral, definitivo e transformadora. A autenticidade de um ingrediente que pode melhorar completamente o sabor de um prato, \u00e9 a inspira\u00e7\u00e3o para a cole\u00e7\u00e3o de cozinhas <strong>Aur\u00f3 Antonio Miro<\/strong>.<\/p>\n<p><a href=\"http:\/\/auro-cuines.com\/wp-content\/uploads\/Miro01.jpg\"><img decoding=\"async\" class=\"aligncenter\" src=\"http:\/\/auro-cuines.com\/wp-content\/uploads\/Miro01.jpg\" alt=\"miro01\" \/><\/a><\/p>\n<p>Ele <strong>Aur\u00f3 <\/strong>e <strong>Antonio Mir\u00f3<\/strong>, se re\u00fanem para moldar um novo conceito de cozinha funcionalmente bonito. Um design minimalista e diferente, em que a ordem e trabalhar &#8220;4 m\u00e3os&#8221; s\u00e3o elementos centrais. De repente, uma cozinha racionalmente concebido permite que duas pessoas para trabalhar nele ao mesmo tempo. uma cozinha com base numa estrutura \u00fanica incorporada na madeira e silestone, onde o uso da curva \u00e9 essencial.<\/p>\n<p>Um aspecto pouco convencional e sugestivo de grande beleza que vem da uni\u00e3o de est\u00e9tica e espa\u00e7o praticidade.<\/p>\n<p><a href=\"http:\/\/auro-cuines.com\/wp-content\/uploads\/Miro02.jpg\"><img decoding=\"async\" class=\"alignleft wp-image-62 size-thumbnail\" src=\"http:\/\/auro-cuines.com\/wp-content\/uploads\/Miro02-200x200.jpg\" alt=\"miro02\" width=\"210\" height=\"210\" \/><\/a> <a href=\"http:\/\/auro-cuines.com\/wp-content\/uploads\/Miro03.jpg\"><img decoding=\"async\" class=\"alignleft wp-image-63 size-thumbnail\" src=\"http:\/\/auro-cuines.com\/wp-content\/uploads\/Miro03-200x200.jpg\" alt=\"miro03\" width=\"210\" height=\"210\" \/><\/a> <a href=\"http:\/\/auro-cuines.com\/wp-content\/uploads\/Miro04.jpg\"><img decoding=\"async\" class=\"alignleft wp-image-64 size-thumbnail\" src=\"http:\/\/auro-cuines.com\/wp-content\/uploads\/Miro04-200x200.jpg\" alt=\"miro04\" width=\"210\" height=\"210\" \/><\/a> <a href=\"http:\/\/auro-cuines.com\/wp-content\/uploads\/Miro05.jpg\"><img loading=\"lazy\" decoding=\"async\" class=\"alignleft wp-image-65 size-thumbnail\" src=\"http:\/\/auro-cuines.com\/wp-content\/uploads\/Miro05-200x200.jpg\" alt=\"miro05\" width=\"210\" height=\"210\" \/><\/a> <a href=\"http:\/\/auro-cuines.com\/wp-content\/uploads\/Miro06.jpg\"><img loading=\"lazy\" decoding=\"async\" class=\"alignleft wp-image-66 size-thumbnail\" src=\"http:\/\/auro-cuines.com\/wp-content\/uploads\/Miro06-200x200.jpg\" alt=\"miro06\" width=\"210\" height=\"210\" \/><\/a> <a href=\"http:\/\/auro-cuines.com\/wp-content\/uploads\/Miro07.jpg\"><img loading=\"lazy\" decoding=\"async\" class=\"alignleft size-thumbnail wp-image-67\" src=\"http:\/\/auro-cuines.com\/wp-content\/uploads\/Miro07-200x200.jpg\" alt=\"miro07\" width=\"210\" height=\"210\" \/><\/a> <a href=\"http:\/\/auro-cuines.com\/wp-content\/uploads\/Miro08.jpg\"><img loading=\"lazy\" decoding=\"async\" class=\"alignleft size-thumbnail wp-image-68\" src=\"http:\/\/auro-cuines.com\/wp-content\/uploads\/Miro08-200x200.jpg\" alt=\"miro08\" width=\"210\" height=\"210\" \/><\/a> <a href=\"http:\/\/auro-cuines.com\/wp-content\/uploads\/Miro09.jpg\"><img loading=\"lazy\" decoding=\"async\" class=\"alignleft size-thumbnail wp-image-69\" src=\"http:\/\/auro-cuines.com\/wp-content\/uploads\/Miro09-200x200.jpg\" alt=\"miro09\" width=\"210\" height=\"210\" \/><\/a><\/p>\n<p><\/p>\n<div class='clear '><\/div><\/div>","protected":false},"excerpt":{"rendered":"<p>Essencialmente, &eacute; a base do criativo. Pura, simples e elegante, forma curva e branco Mediterr&acirc;neo sugestivo. Ancestral, definitivo e transformadora. A autenticidade de um ingrediente que pode melhorar completamente o sabor de um prato, &eacute; a inspira&ccedil;&atilde;o para a cole&ccedil;&atilde;o de cozinhas Aur&oacute; Antonio Miro. Ele Aur&oacute; e Antonio Mir&oacute;, se re&uacute;nem para moldar um [&hellip;]<\/p>\n","protected":false},"author":1,"featured_media":0,"parent":0,"menu_order":0,"comment_status":"closed","ping_status":"closed","template":"","meta":{"_genesis_hide_title":false,"_genesis_hide_breadcrumbs":false,"_genesis_hide_singular_image":false,"_genesis_hide_footer_widgets":false,"_genesis_custom_body_class":"","_genesis_custom_post_class":"","_genesis_layout":"","footnotes":""},"class_list":{"0":"post-122","1":"page","2":"type-page","3":"status-publish","5":"entry","6":"has-post-thumbnail"},"aioseo_notices":[],"_links":{"self":[{"href":"https:\/\/auro-cuines.com\/pt\/wp-json\/wp\/v2\/pages\/122","targetHints":{"allow":["GET"]}}],"collection":[{"href":"https:\/\/auro-cuines.com\/pt\/wp-json\/wp\/v2\/pages"}],"about":[{"href":"https:\/\/auro-cuines.com\/pt\/wp-json\/wp\/v2\/types\/page"}],"author":[{"embeddable":true,"href":"https:\/\/auro-cuines.com\/pt\/wp-json\/wp\/v2\/users\/1"}],"replies":[{"embeddable":true,"href":"https:\/\/auro-cuines.com\/pt\/wp-json\/wp\/v2\/comments?post=122"}],"version-history":[{"count":4,"href":"https:\/\/auro-cuines.com\/pt\/wp-json\/wp\/v2\/pages\/122\/revisions"}],"predecessor-version":[{"id":4270,"href":"https:\/\/auro-cuines.com\/pt\/wp-json\/wp\/v2\/pages\/122\/revisions\/4270"}],"wp:attachment":[{"href":"https:\/\/auro-cuines.com\/pt\/wp-json\/wp\/v2\/media?parent=122"}],"curies":[{"name":"wp","href":"https:\/\/api.w.org\/{rel}","templated":true}]}}

Antonio Miró

<p>Essencialmente, é a base do criativo.</p>
<p>Pura, simples e elegante, forma curva e branco Mediterrâneo sugestivo. Ancestral, definitivo e transformadora. A autenticidade de um ingrediente que pode melhorar completamente o sabor de um prato, é a inspiração para a coleção de cozinhas <strong>Auró Antonio Miro</strong>.</p>
<p><a href="http://auro-cuines.com/wp-content/uploads/Miro01.jpg"><img decoding="async" class="aligncenter" src="http://auro-cuines.com/wp-content/uploads/Miro01.jpg" alt="miro01" /></a></p>
<p>Ele <strong>Auró </strong>e <strong>Antonio Miró</strong>, se reúnem para moldar um novo conceito de cozinha funcionalmente bonito. Um design minimalista e diferente, em que a ordem e trabalhar &#8220;4 mãos&#8221; são elementos centrais. De repente, uma cozinha racionalmente concebido permite que duas pessoas para trabalhar nele ao mesmo tempo. uma cozinha com base numa estrutura única incorporada na madeira e silestone, onde o uso da curva é essencial.</p>
<p>Um aspecto pouco convencional e sugestivo de grande beleza que vem da união de estética e espaço praticidade.</p>
<p><a href="http://auro-cuines.com/wp-content/uploads/Miro02.jpg"><img decoding="async" class="alignleft wp-image-62 size-thumbnail" src="http://auro-cuines.com/wp-content/uploads/Miro02-200x200.jpg" alt="miro02" width="210" height="210" /></a> <a href="http://auro-cuines.com/wp-content/uploads/Miro03.jpg"><img decoding="async" class="alignleft wp-image-63 size-thumbnail" src="http://auro-cuines.com/wp-content/uploads/Miro03-200x200.jpg" alt="miro03" width="210" height="210" /></a> <a href="http://auro-cuines.com/wp-content/uploads/Miro04.jpg"><img decoding="async" class="alignleft wp-image-64 size-thumbnail" src="http://auro-cuines.com/wp-content/uploads/Miro04-200x200.jpg" alt="miro04" width="210" height="210" /></a> <a href="http://auro-cuines.com/wp-content/uploads/Miro05.jpg"><img loading="lazy" decoding="async" class="alignleft wp-image-65 size-thumbnail" src="http://auro-cuines.com/wp-content/uploads/Miro05-200x200.jpg" alt="miro05" width="210" height="210" /></a> <a href="http://auro-cuines.com/wp-content/uploads/Miro06.jpg"><img loading="lazy" decoding="async" class="alignleft wp-image-66 size-thumbnail" src="http://auro-cuines.com/wp-content/uploads/Miro06-200x200.jpg" alt="miro06" width="210" height="210" /></a> <a href="http://auro-cuines.com/wp-content/uploads/Miro07.jpg"><img loading="lazy" decoding="async" class="alignleft size-thumbnail wp-image-67" src="http://auro-cuines.com/wp-content/uploads/Miro07-200x200.jpg" alt="miro07" width="210" height="210" /></a> <a href="http://auro-cuines.com/wp-content/uploads/Miro08.jpg"><img loading="lazy" decoding="async" class="alignleft size-thumbnail wp-image-68" src="http://auro-cuines.com/wp-content/uploads/Miro08-200x200.jpg" alt="miro08" width="210" height="210" /></a> <a href="http://auro-cuines.com/wp-content/uploads/Miro09.jpg"><img loading="lazy" decoding="async" class="alignleft size-thumbnail wp-image-69" src="http://auro-cuines.com/wp-content/uploads/Miro09-200x200.jpg" alt="miro09" width="210" height="210" /></a></p>
<p></p>
<div class='clear '></div></div>
