{"id":4367,"date":"2021-08-04T08:14:13","date_gmt":"2021-08-04T08:14:13","guid":{"rendered":"https:\/\/auro-cuines.com\/?page_id=4367"},"modified":"2021-11-09T11:54:19","modified_gmt":"2021-11-09T11:54:19","slug":"muebles-de-cocina-en-vilanova-i-la-geltru","status":"publish","type":"page","link":"https:\/\/auro-cuines.com\/es\/muebles-de-cocina-en-vilanova-i-la-geltru\/","title":{"rendered":"Muebles de cocina en Vilanova i la Geltr\u00fa"},"content":{"rendered":"<p>Encontrar <strong>muebles de cocina en Vilanova i la Geltr\u00fa<\/strong> de calidad y que se adapten al espacio de nuestra cocina puede parecer un rompecabezas dif\u00edcil de resolver. Desde Aur\u00f3 Kitchens ponemos a tu servicio a nuestro equipo de expertos en el dise\u00f1o y la fabricaci\u00f3n de muebles de cocina de la m\u00e1s alta calidad. Estamos seguros de que seremos capaces de ayudarte a conseguir sacar el m\u00e1ximo provecho a tu nueva cocina. Desde que fundamos nuestra empresa, hace ya 35 a\u00f1os, hemos trabajado con infinidad de estudios de arquitectura y clientes particulares, y nuestro mayor orgullo es haber logrado la total satisfacci\u00f3n de todos y cada uno de ellos.<\/p>\n<p>La profesionalidad y buen hacer de nuestra plantilla, unida a la gran calidad de nuestras cocinas nos han convertido en un referente a la hora de encontrar <a href=\"https:\/\/auro-cuines.com\/cocina-en-castelldefels\/\" title=\"Cocina en Castelldefels\">cocina en Castelldefels<\/a> y en toda la provincia de Barcelona. Nuestros especialistas est\u00e1n a tu entera disposici\u00f3n para asesorarte en todo lo que necesites y resolver todas tus dudas. Contacta con nosotros sin compromiso y comienza ya a configurar la cocina ideal para tu hogar.<\/p>\n<p><img fetchpriority=\"high\" decoding=\"async\" class=\"aligncenter size-large wp-image-3536\" title=\"Muebles de cocina en Vilanova i la Geltr\u00fa\" src=\"https:\/\/auro-cuines.com\/wp-content\/uploads\/tendencias-cocinas-2021-980x508.jpg\" alt=\"Muebles de cocina en Vilanova i la Geltru\" width=\"980\" height=\"508\" srcset=\"https:\/\/auro-cuines.com\/wp-content\/uploads\/tendencias-cocinas-2021-980x508.jpg 980w, https:\/\/auro-cuines.com\/wp-content\/uploads\/tendencias-cocinas-2021-300x155.jpg 300w, https:\/\/auro-cuines.com\/wp-content\/uploads\/tendencias-cocinas-2021-768x398.jpg 768w, https:\/\/auro-cuines.com\/wp-content\/uploads\/tendencias-cocinas-2021.jpg 1280w\" sizes=\"(max-width: 980px) 100vw, 980px\" \/><\/p>\n<h2><strong>\u00bfEst\u00e1s buscando los mejores muebles de cocina en Vilanova i la Geltr\u00fa?<\/strong><\/h2>\n<p>Si es as\u00ed, en Aur\u00f3 encontrar\u00e1s todo lo que necesitas. Cada vez son m\u00e1s las personas que acuden a nosotros en busca de los mejores <strong>muebles de cocina de Vilanova i la Geltr\u00fa<\/strong>. En Aur\u00f3 apostamos por materiales \u00fanicos y exclusivos como el microcemento, que permite crear unos frontales de una calidad est\u00e9tica inigualable; las encimeras porcel\u00e1nicas que no solo aportar\u00e1n un toque de distinci\u00f3n a tu cocina sino que destacan por su gran resistencia y durabilidad; y los tableros marinos con tratamiento hidr\u00f3fugo para lograr la m\u00e1xima resistencia al agua.<\/p>\n<p>Y por si fuera poco, en Aur\u00f3 encontrar\u00e1s una completa gama de complementos de las marcas m\u00e1s prestigiosas a nivel mundial: Bora, Miele, Liebherr\u2026 y muchas m\u00e1s.Por eso, si est\u00e1s pensando en renovar tu <a href=\"https:\/\/auro-cuines.com\/cocina-en-sitges\/\" title=\"Cocina en Sitges\">cocina en Sitges<\/a>, Vilanova i la Geltr\u00fa, Sant Pere de Ribes o cualquier otra poblaci\u00f3n de Barcelona, estamos seguros de que Aur\u00f3 Kitchens ser\u00e1 tu mejor opci\u00f3n.<\/p>\n<div class='clear '><\/div><\/div>","protected":false},"excerpt":{"rendered":"<p>Encontrar muebles de cocina en Vilanova i la Geltr&uacute; de calidad y que se adapten al espacio de nuestra cocina puede parecer un rompecabezas dif&iacute;cil de resolver. Desde Aur&oacute; Kitchens ponemos a tu servicio a nuestro equipo de expertos en el dise&ntilde;o y la fabricaci&oacute;n de muebles de cocina de la m&aacute;s alta calidad. Estamos [&hellip;]<\/p>\n","protected":false},"author":1,"featured_media":0,"parent":0,"menu_order":0,"comment_status":"closed","ping_status":"closed","template":"","meta":{"_genesis_hide_title":false,"_genesis_hide_breadcrumbs":false,"_genesis_hide_singular_image":false,"_genesis_hide_footer_widgets":false,"_genesis_custom_body_class":"","_genesis_custom_post_class":"","_genesis_layout":"","footnotes":""},"class_list":{"0":"post-4367","1":"page","2":"type-page","3":"status-publish","5":"entry"},"aioseo_notices":[],"_links":{"self":[{"href":"https:\/\/auro-cuines.com\/es\/wp-json\/wp\/v2\/pages\/4367","targetHints":{"allow":["GET"]}}],"collection":[{"href":"https:\/\/auro-cuines.com\/es\/wp-json\/wp\/v2\/pages"}],"about":[{"href":"https:\/\/auro-cuines.com\/es\/wp-json\/wp\/v2\/types\/page"}],"author":[{"embeddable":true,"href":"https:\/\/auro-cuines.com\/es\/wp-json\/wp\/v2\/users\/1"}],"replies":[{"embeddable":true,"href":"https:\/\/auro-cuines.com\/es\/wp-json\/wp\/v2\/comments?post=4367"}],"version-history":[{"count":5,"href":"https:\/\/auro-cuines.com\/es\/wp-json\/wp\/v2\/pages\/4367\/revisions"}],"predecessor-version":[{"id":4608,"href":"https:\/\/auro-cuines.com\/es\/wp-json\/wp\/v2\/pages\/4367\/revisions\/4608"}],"wp:attachment":[{"href":"https:\/\/auro-cuines.com\/es\/wp-json\/wp\/v2\/media?parent=4367"}],"curies":[{"name":"wp","href":"https:\/\/api.w.org\/{rel}","templated":true}]}}

Muebles de cocina en Vilanova i la Geltrú

<p>Encontrar <strong>muebles de cocina en Vilanova i la Geltrú</strong> de calidad y que se adapten al espacio de nuestra cocina puede parecer un rompecabezas difícil de resolver. Desde Auró Kitchens ponemos a tu servicio a nuestro equipo de expertos en el diseño y la fabricación de muebles de cocina de la más alta calidad. Estamos seguros de que seremos capaces de ayudarte a conseguir sacar el máximo provecho a tu nueva cocina. Desde que fundamos nuestra empresa, hace ya 35 años, hemos trabajado con infinidad de estudios de arquitectura y clientes particulares, y nuestro mayor orgullo es haber logrado la total satisfacción de todos y cada uno de ellos.</p>
<p>La profesionalidad y buen hacer de nuestra plantilla, unida a la gran calidad de nuestras cocinas nos han convertido en un referente a la hora de encontrar <a href="https://auro-cuines.com/cocina-en-castelldefels/" title="Cocina en Castelldefels">cocina en Castelldefels</a> y en toda la provincia de Barcelona. Nuestros especialistas están a tu entera disposición para asesorarte en todo lo que necesites y resolver todas tus dudas. Contacta con nosotros sin compromiso y comienza ya a configurar la cocina ideal para tu hogar.</p>
<p><img fetchpriority="high" decoding="async" class="aligncenter size-large wp-image-3536" title="Muebles de cocina en Vilanova i la Geltrú" src="https://auro-cuines.com/wp-content/uploads/tendencias-cocinas-2021-980x508.jpg" alt="Muebles de cocina en Vilanova i la Geltru" width="980" height="508" srcset="https://auro-cuines.com/wp-content/uploads/tendencias-cocinas-2021-980x508.jpg 980w, https://auro-cuines.com/wp-content/uploads/tendencias-cocinas-2021-300x155.jpg 300w, https://auro-cuines.com/wp-content/uploads/tendencias-cocinas-2021-768x398.jpg 768w, https://auro-cuines.com/wp-content/uploads/tendencias-cocinas-2021.jpg 1280w" sizes="(max-width: 980px) 100vw, 980px" /></p>
<h2><strong>¿Estás buscando los mejores muebles de cocina en Vilanova i la Geltrú?</strong></h2>
<p>Si es así, en Auró encontrarás todo lo que necesitas. Cada vez son más las personas que acuden a nosotros en busca de los mejores <strong>muebles de cocina de Vilanova i la Geltrú</strong>. En Auró apostamos por materiales únicos y exclusivos como el microcemento, que permite crear unos frontales de una calidad estética inigualable; las encimeras porcelánicas que no solo aportarán un toque de distinción a tu cocina sino que destacan por su gran resistencia y durabilidad; y los tableros marinos con tratamiento hidrófugo para lograr la máxima resistencia al agua.</p>
<p>Y por si fuera poco, en Auró encontrarás una completa gama de complementos de las marcas más prestigiosas a nivel mundial: Bora, Miele, Liebherr… y muchas más.Por eso, si estás pensando en renovar tu <a href="https://auro-cuines.com/cocina-en-sitges/" title="Cocina en Sitges">cocina en Sitges</a>, Vilanova i la Geltrú, Sant Pere de Ribes o cualquier otra población de Barcelona, estamos seguros de que Auró Kitchens será tu mejor opción.</p>
<div class='clear '></div></div>
